f(n).
-12
Let l = -2 + -3. Let x(n) = -4*n - 5. Let h(j) = -5*j - 4. Let k(q) = -3*h(q) + 4*x(q). Let a be k(l). Let o(v) = v**3 + 4*v**2 + 2*v + 1. Give o(a).
4
Let m(g) = 8*g**3 + g**2. Let w(k) = 3*k**3 - 20*k**3 + 0*k**2 - 5*k**2 - 23*k**3. Let n(c) = 11*m(c) + 2*w(c). What is n(1)?
9
Let d(z) be the third derivative of z**2 + 0*z + 1/6*z**4 + 0 + 0*z**3. Calculate d(-2).
-8
Let f(y) = 4*y**2 - 2*y - 2. Suppose -6*m = -m + u - 11, -2*u = -m + 11. Suppose -b = -2*n - m*b - 10, -n - 1 = -b. Let q be n - 0 - 10/(-2). Calculate f(q).
10
Let j be (-3)/12 - 45/(-4). Suppose 0*z + j = 3*z - u, -z = -u - 5. Let w(q) = -z*q - q**2 + 3*q + 2*q. Determine w(3).
-3
Let i(b) = 3*b + 0 - 4*b - 5 - 6. Determine i(-7).
-4
Suppose 6 + 0 = -2*t. Let q(k) = k**3 - 2*k**2 - k - k**2 + 6*k**2 - 1. Give q(t).
2
Let d(l) = -7*l**3 - 2*l**2 - 4*l + 1. Let y(o) = o**3 - o**2 + o + 1. Let s(j) = d(j) + 6*y(j). What is s(-8)?
-9
Let l(i) = i**3 - 8*i**2 - 10*i - 2. Let h be l(9). Suppose 2*k + f - 21 = -0*f, 4*f = 5*k - 20. Let v = k + h. Let r(d) = -2*d**2 - d + 3. Determine r(v).
-12
Suppose 0 = 4*c - 3*i + 23, -2 + 0 = -2*i. Let f(l) = -l**3 - 4*l**2 + 7*l + 6. Calculate f(c).
-4
Let u(m) = m**3 + m**2 + 4*m + 3. Suppose 4*g - g = -f - 77, -5*g - 135 = -5*f. Let p = -28 - g. Calculate u(p).
-9
Let f(w) = -w**3 - 5. Let v be f(0). Let g be v/4*(-4)/(-1). Let m(s) be the first derivative of -s**2/2 - 3*s - 57. What is m(g)?
2
Let x(s) be the third derivative of -s**4/24 + s**3/6 + 2*s**2. Suppose 0 = -0*t - t. Suppose t*c + 1 = c. Give x(c).
0
Suppose -7*d - 2*c - 8 = -3*d, -d = -5*c + 13. Let i be 6 + (-3 - (d - -2)). Let k(n) = -n**2 - i*n + n + 0*n. Calculate k(-4).
-4
Let g(t) = -2*t**3 - 4 - t + 1 + 2. Suppose -x - 1 = 0, -4*w + w - 2 = -x. Calculate g(w).
2
Let u(m) be the second derivative of -7*m**4/12 + m**3/3 - m**2/2 - 45*m. Calculate u(1).
-6
Let l(r) = 2*r**3 + 9*r**2 - 2*r - 20. Let w(d) = d**3 + 5*d**2 - d - 10. Let x(h) = 6*l(h) - 11*w(h). Calculate x(0).
-10
Let r(k) = k**3 + 5*k**2 - 8*k - 9. Let m(i) = -i**2 + 7*i + 24. Suppose x = s - 11, -5*s + 2*x + 52 = -0*s. Let w be m(s). Determine r(w).
3
Let g(r) = -r**3 - 3*r**2 + 2*r - 4. Let f be -1*6 - (-2 - -2). Let p be f*((-2)/(-4) - 1). Suppose 2*s + p*s = -20. Give g(s).
4
Let b be ((-7)/(21/2))/((-1)/6). Let a(z) = -z**2 + 6*z - 1. Let w(i) = -i**2 + 7*i - 2. Let s(g) = 2*a(g) - 3*w(g). Determine s(b).
-16
Let n(p) = p**2 + 2*p - 2. Let a(u) = u**2 - 2*u + 1. Let i be a(1). Suppose c + 4*k = 12 + 3, i = -4*c + 4*k. Suppose 0 = c*l - 8*l - 15. Give n(l).
1
Let k(a) = 2*a - 1. Let m be k(1). Let t(y) = -2 + 1 - y + m - 2. Let c be -3 - (0 + 2 + -9). Determine t(c).
-6
Let a(r) = -r**2 + 3*r + 5. Let j(s) = -3*s + 14. Let w be j(6). What is a(w)?
-23
Let w(m) = 0*m + m**3 + 0*m**2 - 2 + 9*m**2 - 6*m**2 - 3*m. What is w(-4)?
-6
Let f(x) = -2*x. Let y(p) = -2*p - 17. Let g be y(-9). Determine f(g).
-2
Let f = -15 + 40. Suppose -f = -5*r - 5*i, -3*r - 2*i + 18 = r. Suppose r*l - 9 = 3. Let k(g) = g - 6. Determine k(l).
-3
Let x(k) be the first derivative of k**2/2 - 3*k - 2. Let v be x(4). Let s be (-2)/((-1)/v*-1). Let u(o) = -o**2 + 2. What is u(s)?
-2
Suppose 4*m - 3*z = -4, 2*m - z + 16 = 4*z. Let j(v) = 3*v**3 - v**3 + 6*v**2 + 2 - 8*v**m. Let i = -3 - -5. Calculate j(i).
10
Let x(v) = -2*v**2 + 2*v - 2. Suppose -2*b + b + 1 = c, 0 = -3*c + 2*b + 18. Let s(n) = n**3 + 0*n**3 - 4 - 3*n - c*n**2 + 8*n. Let g be s(3). Give x(g).
-6
Let c(z) = -5*z**2 + 11*z - 5. Let b(d) = -4*d**2 + 10*d - 4. Let s(i) = 6*b(i) - 5*c(i). Calculate s(-3).
-5
Let r(p) = p**3 + p**2 + p - 2. Suppose -4*g + 2*n = -10, 25 = 2*g + 2*g - 5*n. Determine r(g).
-2
Let t(k) be the first derivative of 3*k**2/2 - 5*k - 21. Suppose -7*y + 2*y + 20 = 0. What is t(y)?
7
Let l(v) = 3*v**3 - 11*v**2 + 15*v + 11. Let d(o) = -5*o**3 + 17*o**2 - 23*o - 17. Let i(q) = 5*d(q) + 8*l(q). Calculate i(-4).
-1
Let z(o) = 2*o**3 - 9*o**2 - 6. Let f(d) = -d**3 + 4*d**2 + 3. Let u(k) = k**3 + 8*k**2 + 7*k + 5. Let t be u(-7). Let y(w) = t*f(w) + 2*z(w). Give y(3).
-6
Let s(w) be the first derivative of -2/3*w**3 - w + 1/2*w**2 + 4. What is s(1)?
-2
Let n(m) = m**2 + 8*m + 2. Let a(v) = v**3 + 5*v**2 + 2*v + 4. Let r be a(-5). Calculate n(r).
-10
Suppose l + l - 4 = 0. Let k(w) = -5 + 2*w - 3*w - w**2 + l*w + 0*w**2. Determine k(0).
-5
Let v(z) = -69*z + 40*z + 40*z - 5 + z**2. Determine v(-12).
7
Let j(s) = -s**2 + 6*s + 2. Let a(f) = 3*f - 3. Let n be a(3). What is j(n)?
2
Suppose 3*c - 5*s = -9, 5*c + 30 = s - 7. Let z = c + 12. Let q(w) = -w**2 + 5*w. What is q(z)?
4
Let a(r) = r**3 + 8*r**2 - 8*r + 4. Let m(d) = -d**2 + d - 1. Let n(u) = a(u) + 6*m(u). Give n(-2).
2
Let z(g) = g**3 + 3*g**2 + g - 4. Let h(r) = r**3 - 5*r**2 - 4*r - 7. Let v be h(6). Let t = -8 + v. Calculate z(t).
-7
Let v(z) = -2*z + 6. Let l(m) = -13*m**2 - 45*m - 36. Let o(d) = -3*d**2 - 11*d - 9. Let r(h) = -2*l(h) + 9*o(h). Let i be r(-7). Determine v(i).
-4
Let y(u) = 3*u + 6. Suppose 0 = 2*r + 67 - 11. Let n be (-7)/(r/(-24)) - -1. Give y(n).
-9
Let k(p) = -6*p**2 + 2*p + 4*p**2 + 3 - 1. Let d(c) = -c + 7. Let m be d(5). Calculate k(m).
-2
Let p(o) = 2*o**2 + o. Let v = 33 + -34. Determine p(v).
1
Let x(a) be the third derivative of -a**5/60 + a**3/6 - 17*a**2. Calculate x(-2).
-3
Let r(m) = 3*m**3 + 2*m**2 - 20*m + 14. Let x(f) = -f**3 - f**2 + 7*f - 5. Let z(s) = -3*r(s) - 8*x(s). Let t(o) = 2*o + 43. Let k be t(-20). Determine z(k).
1
Let j(f) = -8*f**3 - 14 + 7*f**3 - 7*f - 7*f**2 + 15. Calculate j(-6).
7
Let j(a) = a**2 + 2*a - 11. Let h(f) = f**2 + f - 10. Let n(x) = -6*h(x) + 5*j(x). Let u(i) = -i. Let z be -5*2/((-4)/(-2)). Let v be u(z). Give n(v).
0
Let d(z) = -2*z + 9. Let m be d(7). Let p = m - -3. Let w(f) = 4*f + 3. Determine w(p).
-5
Let h(f) = 6*f - 270 - f**2 + 266 + 0*f**2. Let l be (2 + -4 - -5)/1. Suppose l*j = -0*j + 3, -m + 3*j = 0. Give h(m).
5
Let v(r) = 3*r - 1 - 2*r + 12 - 2*r. Give v(0).
11
Let p(w) = 6*w - 1. Let d(n) = -2 + 0 + 5 - 12*n. Let g(s) = 2*d(s) + 5*p(s). Let u(z) = -z**2 + 3*z - 1. Let y be u(2). Give g(y).
7
Suppose -11*b + 45 = -20*b. Let k(z) be the second derivative of -z**5/20 - 5*z**4/12 + z**2 - z. What is k(b)?
2
Let c(i) = i**3 - 3*i**2 - 5. Suppose -3*u - 7 = -1. Let z be ((-8)/20)/(u/20). Calculate c(z).
11
Suppose -3*p + 27 = -3*h, -6*h - 13 = -p - 4*h. Suppose p*m = m + 12. Let r(s) = -s**2 + 4*s - 4. Calculate r(m).
-1
Let b = -18 + 13. Let c(w) be the third derivative of w**4/24 + 4*w**3/3 - 13*w**2. Give c(b).
3
Let g be (-2 + 4/8)*4. Let q(h) = h**2 + 7*h + 4. What is q(g)?
-2
Suppose -4*i + 108 = 2*l - 0*l, -5*l - 30 = -2*i. Suppose -3*x + i = -8*x. Let o(c) = -c**2 - 8*c - 4. What is o(x)?
11
Let t = 11 - 19. Let q be (-2)/t + 11/4. Let k(n) be the third derivative of -n**6/120 + n**5/30 + n**4/12 - 2*n**3/3 + n**2. Determine k(q).
-7
Let v be (-1 - 0)*1*-2. Let u(j) = v + j - 5*j + 5*j. What is u(-2)?
0
Let w(k) = -26*k - 31*k**2 + 1 + 30*k**2 + 23*k. Let p be 27/(-5) + 2/5. What is w(p)?
-9
Let y(u) be the first derivative of u**3/3 + 7*u**2/2 + 7*u + 86. Let g be -1*(-1)/(-1)*6. Give y(g).
1
Let v(q) = -q**2 + 3*q + 2. Let i be v(3). Let d(p) = -2*p**2 + 3*p - 3 + 2*p - i*p. Let t = 4 + -2. What is d(t)?
-5
Let d(n) be the second derivative of n**3/6 - n**2 + 7*n. Let v be d(4). Let m(b) = -b**3 - b**2 + 2*b - 3. What is m(v)?
-11
Let t(d) = -6*d**3 + 8*d**2 - 4. Let q(p) = -p**3 + p**2 - 1. Let s(k) = 5*q(k) - t(k). Determine s(2).
-5
Let f(k) = 4*k**3 + 21*k**2 - 16*k + 21. Let d(v) = v**3 + 5*v**2 - 4*v + 5. Let q(i) = 9*d(i) - 2*f(i). Let y = -1 - 3. Give q(y).
3
Let h(l) = -2*l**2 - 3*l + 15. Let s(z) = z**2 + z - 7. Let r(q) = 4*h(q) + 9*s(q). Let g be -3 + 9 + -3 + 0. Calculate r(g).
-3
Let j(n) = -n**2 - 6*n - 5. Let w be (-46)/(-5) - (-1)/(-5). Let x = w - 14. Let u be j(x). Let o(z) = z**3 - z - 8. What is o(u)?
-8
Let g(j) = -14*j**3 + 14*j**2 - 6. Let h(p) = -5*p**3 + 5*p**2 - 2. Let f(c) = 6*g(c) - 17*h(c). Calculate f(2).
2
Let t be 0 - (-6)/(2 - -1). Let f(z) = z - 3 - z + 1 + t*z**2. Determine f(2).
6
Let t(q) be the third derivative of q**6/24 - q**4/24 + 8*q**2. Determine t(1).
4
Let d = -14 + 15. Let a(o) = 41*o**3 - 3*o**2 - 17*o. Let q(i) = 14*i**3 - i**2 - 6*i. Let n(h) = 6*a(h) - 1